{"id":2,"date":"2024-08-22T15:59:33","date_gmt":"2024-08-22T15:59:33","guid":{"rendered":"https:\/\/alltagsbegleiter-aquiaq4vi.live-website.com\/?page_id=2"},"modified":"2024-10-20T06:36:35","modified_gmt":"2024-10-20T06:36:35","slug":"startseite","status":"publish","type":"page","link":"https:\/\/alltagsbegleiter-vertellekes.de\/startseite\/","title":{"rendered":""},"content":{"rendered":"\t\t<div data-elementor-type=\"wp-page\" data-elementor-id=\"2\" class=\"elementor elementor-2\" data-elementor-post-type=\"page\">\n\t\t\t\t<div class=\"elementor-element elementor-element-04a826a animated-slow e-flex e-con-boxed elementor-invisible e-con e-parent\" data-id=\"04a826a\" data-element_type=\"container\" data-e-type=\"container\" data-settings=\"{&quot;animation&quot;:&quot;fadeInUp&quot;}\">\n\t\t\t\t\t<div class=\"e-con-inner\">\n\t\t\t\t<div class=\"elementor-element elementor-element-0fa848b animated-slow elementor-invisible elementor-widget elementor-widget-image\" data-id=\"0fa848b\" data-element_type=\"widget\" data-e-type=\"widget\" data-settings=\"{&quot;_animation&quot;:&quot;fadeInUp&quot;}\" data-widget_type=\"image.default\">\n\t\t\t\t<div class=\"elementor-widget-container\">\n\t\t\t\t\t\t\t\t\t\t\t\t\t\t\t<img decoding=\"async\" width=\"259\" height=\"70\" src=\"https:\/\/alltagsbegleiter-vertellekes.de\/wp-content\/uploads\/2024\/10\/Logo_Vertellekes-e1728831114209.jpg\" class=\"attachment-large size-large wp-image-83\" alt=\"Alltagsbegleiter Vertellekes\" \/>\t\t\t\t\t\t\t\t\t\t\t\t\t\t\t<\/div>\n\t\t\t\t<\/div>\n\t\t\t\t\t<\/div>\n\t\t\t\t<\/div>\n\t\t<div class=\"elementor-element elementor-element-4929f29 animated-slow e-flex e-con-boxed elementor-invisible e-con e-parent\" data-id=\"4929f29\" data-element_type=\"container\" data-e-type=\"container\" data-settings=\"{&quot;animation&quot;:&quot;fadeInUp&quot;}\">\n\t\t\t\t\t<div class=\"e-con-inner\">\n\t\t\t\t<div class=\"elementor-element elementor-element-9624bf8 elementor-widget__width-initial animated-slow elementor-invisible elementor-widget elementor-widget-text-editor\" data-id=\"9624bf8\" data-element_type=\"widget\" data-e-type=\"widget\" data-settings=\"{&quot;_animation&quot;:&quot;fadeInUp&quot;}\" data-widget_type=\"text-editor.default\">\n\t\t\t\t<div class=\"elementor-widget-container\">\n\t\t\t\t\t\t\t\t\t<h2 style=\"text-align: center;\"><strong>Herzlich Willkommen!<\/strong><\/h2><h3 style=\"text-align: center;\">Wir freuen uns Sie auf unserer Seite begr\u00fc\u00dfen zu d\u00fcrfen. Hier bekommen Sie einen ersten Eindruck von unserer Arbeit. Rufen Sie mich gerne an, damit ich Ihnen schon erste Fragen beantworten und Ihnen schon etwas weiterhelfen kann:<\/h3>\t\t\t\t\t\t\t\t<\/div>\n\t\t\t\t<\/div>\n\t\t\t\t\t<\/div>\n\t\t\t\t<\/div>\n\t\t<div class=\"elementor-element elementor-element-ec7348f e-flex e-con-boxed elementor-invisible e-con e-parent\" data-id=\"ec7348f\" data-element_type=\"container\" data-e-type=\"container\" data-settings=\"{&quot;animation&quot;:&quot;fadeInUp&quot;,&quot;animation_delay&quot;:1800}\">\n\t\t\t\t\t<div class=\"e-con-inner\">\n\t\t\t\t<div class=\"elementor-element elementor-element-8401f63 animated-slow elementor-invisible elementor-widget elementor-widget-text-editor\" data-id=\"8401f63\" data-element_type=\"widget\" data-e-type=\"widget\" data-settings=\"{&quot;_animation&quot;:&quot;fadeInUp&quot;}\" data-widget_type=\"text-editor.default\">\n\t\t\t\t<div class=\"elementor-widget-container\">\n\t\t\t\t\t\t\t\t\t<h3 style=\"text-align: center;\"><strong>Heike Kirsch<\/strong><br \/>Gehart-Hauptmann-Strasse 10<br \/>58256 Ennepetal<\/h3>\t\t\t\t\t\t\t\t<\/div>\n\t\t\t\t<\/div>\n\t\t\t\t\t<\/div>\n\t\t\t\t<\/div>\n\t\t<div class=\"elementor-element elementor-element-6490fef animated-slow e-flex e-con-boxed elementor-invisible e-con e-parent\" data-id=\"6490fef\" data-element_type=\"container\" data-e-type=\"container\" data-settings=\"{&quot;animation&quot;:&quot;fadeInUp&quot;}\">\n\t\t\t\t\t<div class=\"e-con-inner\">\n\t\t\t\t<div class=\"elementor-element elementor-element-db1cd8d animated-slow elementor-invisible elementor-widget elementor-widget-text-editor\" data-id=\"db1cd8d\" data-element_type=\"widget\" data-e-type=\"widget\" data-settings=\"{&quot;_animation&quot;:&quot;fadeInUp&quot;}\" data-widget_type=\"text-editor.default\">\n\t\t\t\t<div class=\"elementor-widget-container\">\n\t\t\t\t\t\t\t\t\t<h3 style=\"text-align: center;\"><strong>Telefon <\/strong><br \/><br \/><strong>0 23 33 &#8211; 79 73 748<\/strong><\/h3>\n<h3 style=\"text-align: center;\"><strong>0 157 &#8211; 36 18 56 15<\/strong><\/h3>\t\t\t\t\t\t\t\t<\/div>\n\t\t\t\t<\/div>\n\t\t\t\t\t<\/div>\n\t\t\t\t<\/div>\n\t\t<div class=\"elementor-element elementor-element-108858f animated-slow e-flex e-con-boxed elementor-invisible e-con e-parent\" data-id=\"108858f\" data-element_type=\"container\" data-e-type=\"container\" data-settings=\"{&quot;animation&quot;:&quot;fadeInUp&quot;}\">\n\t\t\t\t\t<div class=\"e-con-inner\">\n\t\t\t\t<div class=\"elementor-element elementor-element-a7eb141 animated-slow elementor-invisible elementor-widget elementor-widget-image\" data-id=\"a7eb141\" data-element_type=\"widget\" data-e-type=\"widget\" data-settings=\"{&quot;_animation&quot;:&quot;fadeInUp&quot;}\" data-widget_type=\"image.default\">\n\t\t\t\t<div class=\"elementor-widget-container\">\n\t\t\t\t\t\t\t\t\t\t\t\t\t\t\t<img fetchpriority=\"high\" decoding=\"async\" width=\"1536\" height=\"824\" src=\"https:\/\/alltagsbegleiter-vertellekes.de\/wp-content\/uploads\/2024\/10\/6274-scaled-e1728829053156-1536x824.jpg\" class=\"attachment-1536x1536 size-1536x1536 wp-image-91\" alt=\"gr\u00fcne Wellen\" srcset=\"https:\/\/alltagsbegleiter-vertellekes.de\/wp-content\/uploads\/2024\/10\/6274-scaled-e1728829053156-1536x824.jpg 1536w, https:\/\/alltagsbegleiter-vertellekes.de\/wp-content\/uploads\/2024\/10\/6274-scaled-e1728829053156-300x161.jpg 300w, https:\/\/alltagsbegleiter-vertellekes.de\/wp-content\/uploads\/2024\/10\/6274-scaled-e1728829053156-1024x549.jpg 1024w, https:\/\/alltagsbegleiter-vertellekes.de\/wp-content\/uploads\/2024\/10\/6274-scaled-e1728829053156-768x412.jpg 768w, https:\/\/alltagsbegleiter-vertellekes.de\/wp-content\/uploads\/2024\/10\/6274-scaled-e1728829053156-2048x1098.jpg 2048w\" sizes=\"(max-width: 1536px) 100vw, 1536px\" \/>\t\t\t\t\t\t\t\t\t\t\t\t\t\t\t<\/div>\n\t\t\t\t<\/div>\n\t\t\t\t\t<\/div>\n\t\t\t\t<\/div>\n\t\t<div class=\"elementor-element elementor-element-e83b93e animated-slow e-flex e-con-boxed elementor-invisible e-con e-parent\" data-id=\"e83b93e\" data-element_type=\"container\" data-e-type=\"container\" data-settings=\"{&quot;animation&quot;:&quot;fadeInUp&quot;}\">\n\t\t\t\t\t<div class=\"e-con-inner\">\n\t\t\t\t<div class=\"elementor-element elementor-element-24815fa elementor-widget__width-initial animated-slow elementor-invisible elementor-widget elementor-widget-text-editor\" data-id=\"24815fa\" data-element_type=\"widget\" data-e-type=\"widget\" data-settings=\"{&quot;_animation&quot;:&quot;fadeInLeft&quot;}\" data-widget_type=\"text-editor.default\">\n\t\t\t\t<div class=\"elementor-widget-container\">\n\t\t\t\t\t\t\t\t\t<h3 style=\"text-align: left;\">Unsere Leistungen<\/h3><ul><li><h3>Gestaltung des Tagesablaufs<span style=\"color: inherit; font-family: inherit; font-size: 1.75rem; text-align: center; background-color: transparent;\">\u00a0<\/span><\/h3><\/li><li style=\"text-align: left;\"><h3>Entlastung der Pflegenden Angeh\u00f6rigen<\/h3><\/li><li style=\"text-align: left;\"><h3>Betreuung von Menschen mit Demenz<\/h3><\/li><li style=\"text-align: left;\"><h3>Besch\u00e4ftigungsangebote wie Spielen, Lesen, Malen etc.<\/h3><\/li><li><h3><span style=\"text-align: left;\">Arzt oder Therapiebesuche<\/span><\/h3><\/li><li><h3>Haushaltsf\u00fchrung<\/h3><\/li><li style=\"text-align: left;\"><h3>Vorbereiten und Begleiten von Mahlzeiten<\/h3><\/li><li style=\"text-align: left;\"><h3>In Einzelf\u00e4llen 24 Stunden<\/h3><\/li><li><h3 style=\"text-align: left;\">Betreuung, nach vorheriger Absprache<\/h3><\/li><\/ul>\t\t\t\t\t\t\t\t<\/div>\n\t\t\t\t<\/div>\n\t\t<div class=\"elementor-element elementor-element-e794bc2 e-con-full e-flex e-con e-child\" data-id=\"e794bc2\" data-element_type=\"container\" data-e-type=\"container\">\n\t\t\t\t<div class=\"elementor-element elementor-element-3bf77db animated-slow elementor-invisible elementor-widget elementor-widget-image\" data-id=\"3bf77db\" data-element_type=\"widget\" data-e-type=\"widget\" data-settings=\"{&quot;_animation&quot;:&quot;fadeInRight&quot;}\" data-widget_type=\"image.default\">\n\t\t\t\t<div class=\"elementor-widget-container\">\n\t\t\t\t\t\t\t\t\t\t\t\t\t\t\t<img decoding=\"async\" width=\"800\" height=\"800\" src=\"https:\/\/alltagsbegleiter-vertellekes.de\/wp-content\/uploads\/2024\/10\/IMG-20240923-WA0002-1024x1024.jpg\" class=\"attachment-large size-large wp-image-122\" alt=\"Im Urlaub\" srcset=\"https:\/\/alltagsbegleiter-vertellekes.de\/wp-content\/uploads\/2024\/10\/IMG-20240923-WA0002-1024x1024.jpg 1024w, https:\/\/alltagsbegleiter-vertellekes.de\/wp-content\/uploads\/2024\/10\/IMG-20240923-WA0002-300x300.jpg 300w, https:\/\/alltagsbegleiter-vertellekes.de\/wp-content\/uploads\/2024\/10\/IMG-20240923-WA0002-150x150.jpg 150w, https:\/\/alltagsbegleiter-vertellekes.de\/wp-content\/uploads\/2024\/10\/IMG-20240923-WA0002-768x768.jpg 768w, https:\/\/alltagsbegleiter-vertellekes.de\/wp-content\/uploads\/2024\/10\/IMG-20240923-WA0002-1536x1536.jpg 1536w, https:\/\/alltagsbegleiter-vertellekes.de\/wp-content\/uploads\/2024\/10\/IMG-20240923-WA0002.jpg 1599w\" sizes=\"(max-width: 800px) 100vw, 800px\" \/>\t\t\t\t\t\t\t\t\t\t\t\t\t\t\t<\/div>\n\t\t\t\t<\/div>\n\t\t\t\t<div class=\"elementor-element elementor-element-cdbc957 animated-slow elementor-invisible elementor-widget elementor-widget-text-editor\" data-id=\"cdbc957\" data-element_type=\"widget\" data-e-type=\"widget\" data-settings=\"{&quot;_animation&quot;:&quot;fadeInRight&quot;}\" data-widget_type=\"text-editor.default\">\n\t\t\t\t<div class=\"elementor-widget-container\">\n\t\t\t\t\t\t\t\t\t<p style=\"text-align: center;\"><strong><span style=\"color: #000000;\">Und wenn Sie mal in den Urlaub m\u00f6chten, begleiten wir Sie auch dort hin.<\/span><\/strong><\/p>\t\t\t\t\t\t\t\t<\/div>\n\t\t\t\t<\/div>\n\t\t\t\t<\/div>\n\t\t\t\t\t<\/div>\n\t\t\t\t<\/div>\n\t\t<div class=\"elementor-element elementor-element-bad953f animated-slow e-flex e-con-boxed elementor-invisible e-con e-parent\" data-id=\"bad953f\" data-element_type=\"container\" data-e-type=\"container\" data-settings=\"{&quot;animation&quot;:&quot;fadeInUp&quot;}\">\n\t\t\t\t\t<div class=\"e-con-inner\">\n\t\t\t\t<div class=\"elementor-element elementor-element-a948666 animated-slow elementor-invisible elementor-widget elementor-widget-image\" data-id=\"a948666\" data-element_type=\"widget\" data-e-type=\"widget\" data-settings=\"{&quot;_animation&quot;:&quot;fadeInUp&quot;}\" data-widget_type=\"image.default\">\n\t\t\t\t<div class=\"elementor-widget-container\">\n\t\t\t\t\t\t\t\t\t\t\t\t\t\t\t<img loading=\"lazy\" decoding=\"async\" width=\"800\" height=\"429\" src=\"https:\/\/alltagsbegleiter-vertellekes.de\/wp-content\/uploads\/2024\/10\/6274-scaled-e1728829053156-1024x549.jpg\" class=\"attachment-large size-large wp-image-91\" alt=\"gr\u00fcne Wellen\" srcset=\"https:\/\/alltagsbegleiter-vertellekes.de\/wp-content\/uploads\/2024\/10\/6274-scaled-e1728829053156-1024x549.jpg 1024w, https:\/\/alltagsbegleiter-vertellekes.de\/wp-content\/uploads\/2024\/10\/6274-scaled-e1728829053156-300x161.jpg 300w, https:\/\/alltagsbegleiter-vertellekes.de\/wp-content\/uploads\/2024\/10\/6274-scaled-e1728829053156-768x412.jpg 768w, https:\/\/alltagsbegleiter-vertellekes.de\/wp-content\/uploads\/2024\/10\/6274-scaled-e1728829053156-1536x824.jpg 1536w, https:\/\/alltagsbegleiter-vertellekes.de\/wp-content\/uploads\/2024\/10\/6274-scaled-e1728829053156-2048x1098.jpg 2048w\" sizes=\"(max-width: 800px) 100vw, 800px\" \/>\t\t\t\t\t\t\t\t\t\t\t\t\t\t\t<\/div>\n\t\t\t\t<\/div>\n\t\t\t\t\t<\/div>\n\t\t\t\t<\/div>\n\t\t<div class=\"elementor-element elementor-element-2203617 animated-slow e-flex e-con-boxed elementor-invisible e-con e-parent\" data-id=\"2203617\" data-element_type=\"container\" data-e-type=\"container\" data-settings=\"{&quot;animation&quot;:&quot;fadeInUp&quot;}\">\n\t\t\t\t\t<div class=\"e-con-inner\">\n\t\t<div class=\"elementor-element elementor-element-395092c e-con-full e-flex e-con e-child\" data-id=\"395092c\" data-element_type=\"container\" data-e-type=\"container\">\n\t\t\t\t<div class=\"elementor-element elementor-element-920aa99 animated-slow elementor-invisible elementor-widget elementor-widget-image\" data-id=\"920aa99\" data-element_type=\"widget\" data-e-type=\"widget\" data-settings=\"{&quot;_animation&quot;:&quot;fadeInLeft&quot;}\" data-widget_type=\"image.default\">\n\t\t\t\t<div class=\"elementor-widget-container\">\n\t\t\t\t\t\t\t\t\t\t\t\t\t\t\t<img loading=\"lazy\" decoding=\"async\" width=\"225\" height=\"300\" src=\"https:\/\/alltagsbegleiter-vertellekes.de\/wp-content\/uploads\/2024\/10\/IMG-20191215-WA0000-225x300.jpg\" class=\"attachment-medium size-medium wp-image-124\" alt=\"Beim Friseur\" srcset=\"https:\/\/alltagsbegleiter-vertellekes.de\/wp-content\/uploads\/2024\/10\/IMG-20191215-WA0000-225x300.jpg 225w, https:\/\/alltagsbegleiter-vertellekes.de\/wp-content\/uploads\/2024\/10\/IMG-20191215-WA0000-768x1023.jpg 768w, https:\/\/alltagsbegleiter-vertellekes.de\/wp-content\/uploads\/2024\/10\/IMG-20191215-WA0000-1153x1536.jpg 1153w, https:\/\/alltagsbegleiter-vertellekes.de\/wp-content\/uploads\/2024\/10\/IMG-20191215-WA0000.jpg 1200w\" sizes=\"(max-width: 225px) 100vw, 225px\" \/>\t\t\t\t\t\t\t\t\t\t\t\t\t\t\t<\/div>\n\t\t\t\t<\/div>\n\t\t\t\t<div class=\"elementor-element elementor-element-5769990 animated-slow elementor-invisible elementor-widget elementor-widget-text-editor\" data-id=\"5769990\" data-element_type=\"widget\" data-e-type=\"widget\" data-settings=\"{&quot;_animation&quot;:&quot;fadeInLeft&quot;}\" data-widget_type=\"text-editor.default\">\n\t\t\t\t<div class=\"elementor-widget-container\">\n\t\t\t\t\t\t\t\t\t<p style=\"text-align: center;\"><strong><span style=\"color: #000000;\">Nach dem Besuch beim Friseur f\u00fchlt Frau sich doch immer besser.<\/span><\/strong><\/p>\t\t\t\t\t\t\t\t<\/div>\n\t\t\t\t<\/div>\n\t\t\t\t<\/div>\n\t\t<div class=\"elementor-element elementor-element-9f615ff e-con-full e-flex e-con e-child\" data-id=\"9f615ff\" data-element_type=\"container\" data-e-type=\"container\">\n\t\t\t\t<div class=\"elementor-element elementor-element-0a1e6d7 animated-slow elementor-invisible elementor-widget elementor-widget-text-editor\" data-id=\"0a1e6d7\" data-element_type=\"widget\" data-e-type=\"widget\" data-settings=\"{&quot;_animation&quot;:&quot;fadeInRight&quot;}\" data-widget_type=\"text-editor.default\">\n\t\t\t\t<div class=\"elementor-widget-container\">\n\t\t\t\t\t\t\t\t\t<h3>Unsere fachlichen Kompetenzen<\/h3><div>\u00a0<\/div><h3 style=\"text-align: left;\">\u00a0&#8211; Versierter Umgang mit Menschen<\/h3><h3>\u00a0&#8211; Grundkenntnisse in der Pfleget\u00e4tigkeit<\/h3><h3>\u00a0&#8211; Zubereitung von Speisen<\/h3><h3>\u00a0&#8211; Beachten der Hygienevorschriften<\/h3><h3 style=\"text-align: left;\">\u00a0&#8211; Qualifikation zur Betreuungsassistentin<\/h3>\t\t\t\t\t\t\t\t<\/div>\n\t\t\t\t<\/div>\n\t\t\t\t<\/div>\n\t\t\t\t\t<\/div>\n\t\t\t\t<\/div>\n\t\t<div class=\"elementor-element elementor-element-09208bc e-flex e-con-boxed elementor-invisible e-con e-parent\" data-id=\"09208bc\" data-element_type=\"container\" data-e-type=\"container\" data-settings=\"{&quot;animation&quot;:&quot;fadeInUp&quot;}\">\n\t\t\t\t\t<div class=\"e-con-inner\">\n\t\t\t\t<div class=\"elementor-element elementor-element-71cc47e animated-slow elementor-invisible elementor-widget elementor-widget-image\" data-id=\"71cc47e\" data-element_type=\"widget\" data-e-type=\"widget\" data-settings=\"{&quot;_animation&quot;:&quot;fadeInUp&quot;}\" data-widget_type=\"image.default\">\n\t\t\t\t<div class=\"elementor-widget-container\">\n\t\t\t\t\t\t\t\t\t\t\t\t\t\t\t<img loading=\"lazy\" decoding=\"async\" width=\"2048\" height=\"1098\" src=\"https:\/\/alltagsbegleiter-vertellekes.de\/wp-content\/uploads\/2024\/10\/6274-scaled-e1728829053156-2048x1098.jpg\" class=\"attachment-2048x2048 size-2048x2048 wp-image-91\" alt=\"gr\u00fcne Wellen\" srcset=\"https:\/\/alltagsbegleiter-vertellekes.de\/wp-content\/uploads\/2024\/10\/6274-scaled-e1728829053156-2048x1098.jpg 2048w, https:\/\/alltagsbegleiter-vertellekes.de\/wp-content\/uploads\/2024\/10\/6274-scaled-e1728829053156-300x161.jpg 300w, https:\/\/alltagsbegleiter-vertellekes.de\/wp-content\/uploads\/2024\/10\/6274-scaled-e1728829053156-1024x549.jpg 1024w, https:\/\/alltagsbegleiter-vertellekes.de\/wp-content\/uploads\/2024\/10\/6274-scaled-e1728829053156-768x412.jpg 768w, https:\/\/alltagsbegleiter-vertellekes.de\/wp-content\/uploads\/2024\/10\/6274-scaled-e1728829053156-1536x824.jpg 1536w\" sizes=\"(max-width: 2048px) 100vw, 2048px\" \/>\t\t\t\t\t\t\t\t\t\t\t\t\t\t\t<\/div>\n\t\t\t\t<\/div>\n\t\t\t\t\t<\/div>\n\t\t\t\t<\/div>\n\t\t<div class=\"elementor-element elementor-element-1931bbd animated-slow e-flex e-con-boxed elementor-invisible e-con e-parent\" data-id=\"1931bbd\" data-element_type=\"container\" data-e-type=\"container\" data-settings=\"{&quot;animation&quot;:&quot;fadeInUp&quot;}\">\n\t\t\t\t\t<div class=\"e-con-inner\">\n\t\t<div class=\"elementor-element elementor-element-fdff86e e-con-full e-flex e-con e-child\" data-id=\"fdff86e\" data-element_type=\"container\" data-e-type=\"container\">\n\t\t\t\t<div class=\"elementor-element elementor-element-a08b211 animated-slow elementor-invisible elementor-widget elementor-widget-text-editor\" data-id=\"a08b211\" data-element_type=\"widget\" data-e-type=\"widget\" data-settings=\"{&quot;_animation&quot;:&quot;fadeInLeft&quot;}\" data-widget_type=\"text-editor.default\">\n\t\t\t\t<div class=\"elementor-widget-container\">\n\t\t\t\t\t\t\t\t\t<h3 style=\"text-align: left;\">Pers\u00f6nliche Kompetenzen<br \/><br \/><\/h3><ul><li><h3>Verst\u00e4ndnis<\/h3><\/li><li><h3>Belastbarkeit<\/h3><\/li><li><h3>Soziales Engagement<\/h3><\/li><li><h3>Zuverl\u00e4ssigkeit<\/h3><\/li><li><h3>Der Wille, t\u00e4glich etwas Neues zu lernen<\/h3><\/li><\/ul>\t\t\t\t\t\t\t\t<\/div>\n\t\t\t\t<\/div>\n\t\t\t\t<\/div>\n\t\t<div class=\"elementor-element elementor-element-50d0b36 e-con-full e-flex e-con e-child\" data-id=\"50d0b36\" data-element_type=\"container\" data-e-type=\"container\">\n\t\t\t\t<div class=\"elementor-element elementor-element-8718c70 animated-slow elementor-invisible elementor-widget elementor-widget-image\" data-id=\"8718c70\" data-element_type=\"widget\" data-e-type=\"widget\" data-settings=\"{&quot;_animation&quot;:&quot;fadeInRight&quot;}\" data-widget_type=\"image.default\">\n\t\t\t\t<div class=\"elementor-widget-container\">\n\t\t\t\t\t\t\t\t\t\t\t\t\t\t\t<img decoding=\"async\" src=\"https:\/\/alltagsbegleiter-vertellekes.de\/wp-content\/uploads\/elementor\/thumbs\/20230312_144732-scaled-qvq7utd3fph2385gw6yugn3mlucgzhqptow0a7l0p8.jpg\" title=\"20230312_144732\" alt=\"Auch mal McDonalds\" loading=\"lazy\" \/>\t\t\t\t\t\t\t\t\t\t\t\t\t\t\t<\/div>\n\t\t\t\t<\/div>\n\t\t\t\t<div class=\"elementor-element elementor-element-fd78032 animated-slow elementor-invisible elementor-widget elementor-widget-text-editor\" data-id=\"fd78032\" data-element_type=\"widget\" data-e-type=\"widget\" data-settings=\"{&quot;_animation&quot;:&quot;fadeInRight&quot;}\" data-widget_type=\"text-editor.default\">\n\t\t\t\t<div class=\"elementor-widget-container\">\n\t\t\t\t\t\t\t\t\t<p style=\"text-align: center;\"><strong><span style=\"color: #000000;\">Und wenn es mal der Hei\u00dfhunger auf McDonalds ist, <br \/>ist das auch mal in Ordnung.<\/span><\/strong><\/p>\t\t\t\t\t\t\t\t<\/div>\n\t\t\t\t<\/div>\n\t\t\t\t<\/div>\n\t\t\t\t\t<\/div>\n\t\t\t\t<\/div>\n\t\t<div class=\"elementor-element elementor-element-2af00d6 animated-slow e-flex e-con-boxed elementor-invisible e-con e-parent\" data-id=\"2af00d6\" data-element_type=\"container\" data-e-type=\"container\" data-settings=\"{&quot;animation&quot;:&quot;fadeInUp&quot;}\">\n\t\t\t\t\t<div class=\"e-con-inner\">\n\t\t\t\t<div class=\"elementor-element elementor-element-0a277eb animated-slow elementor-invisible elementor-widget elementor-widget-image\" data-id=\"0a277eb\" data-element_type=\"widget\" data-e-type=\"widget\" data-settings=\"{&quot;_animation&quot;:&quot;fadeInUp&quot;}\" data-widget_type=\"image.default\">\n\t\t\t\t<div class=\"elementor-widget-container\">\n\t\t\t\t\t\t\t\t\t\t\t\t\t\t\t<img loading=\"lazy\" decoding=\"async\" width=\"2048\" height=\"1098\" src=\"https:\/\/alltagsbegleiter-vertellekes.de\/wp-content\/uploads\/2024\/10\/6274-scaled-e1728829053156-2048x1098.jpg\" class=\"attachment-2048x2048 size-2048x2048 wp-image-91\" alt=\"gr\u00fcne Wellen\" srcset=\"https:\/\/alltagsbegleiter-vertellekes.de\/wp-content\/uploads\/2024\/10\/6274-scaled-e1728829053156-2048x1098.jpg 2048w, https:\/\/alltagsbegleiter-vertellekes.de\/wp-content\/uploads\/2024\/10\/6274-scaled-e1728829053156-300x161.jpg 300w, https:\/\/alltagsbegleiter-vertellekes.de\/wp-content\/uploads\/2024\/10\/6274-scaled-e1728829053156-1024x549.jpg 1024w, https:\/\/alltagsbegleiter-vertellekes.de\/wp-content\/uploads\/2024\/10\/6274-scaled-e1728829053156-768x412.jpg 768w, https:\/\/alltagsbegleiter-vertellekes.de\/wp-content\/uploads\/2024\/10\/6274-scaled-e1728829053156-1536x824.jpg 1536w\" sizes=\"(max-width: 2048px) 100vw, 2048px\" \/>\t\t\t\t\t\t\t\t\t\t\t\t\t\t\t<\/div>\n\t\t\t\t<\/div>\n\t\t\t\t\t<\/div>\n\t\t\t\t<\/div>\n\t\t<div class=\"elementor-element elementor-element-ec960f2 animated-slow e-flex e-con-boxed elementor-invisible e-con e-parent\" data-id=\"ec960f2\" data-element_type=\"container\" data-e-type=\"container\" data-settings=\"{&quot;animation&quot;:&quot;fadeInUp&quot;}\">\n\t\t\t\t\t<div class=\"e-con-inner\">\n\t\t\t\t<div class=\"elementor-element elementor-element-738b1df elementor-widget__width-initial animated-slow elementor-widget-mobile__width-initial elementor-invisible elementor-widget elementor-widget-image\" data-id=\"738b1df\" data-element_type=\"widget\" data-e-type=\"widget\" data-settings=\"{&quot;_animation&quot;:&quot;fadeInLeft&quot;}\" data-widget_type=\"image.default\">\n\t\t\t\t<div class=\"elementor-widget-container\">\n\t\t\t\t\t\t\t\t\t\t\t\t\t\t\t<img decoding=\"async\" width=\"259\" height=\"70\" src=\"https:\/\/alltagsbegleiter-vertellekes.de\/wp-content\/uploads\/2024\/10\/Logo_Vertellekes-e1728831114209.jpg\" class=\"attachment-large size-large wp-image-83\" alt=\"Alltagsbegleiter Vertellekes\" \/>\t\t\t\t\t\t\t\t\t\t\t\t\t\t\t<\/div>\n\t\t\t\t<\/div>\n\t\t\t\t<div class=\"elementor-element elementor-element-812d7b5 elementor-widget__width-initial animated-slow elementor-widget-mobile__width-initial elementor-invisible elementor-widget elementor-widget-text-editor\" data-id=\"812d7b5\" data-element_type=\"widget\" data-e-type=\"widget\" data-settings=\"{&quot;_animation&quot;:&quot;fadeInDown&quot;}\" data-widget_type=\"text-editor.default\">\n\t\t\t\t<div class=\"elementor-widget-container\">\n\t\t\t\t\t\t\t\t\t<h3 style=\"text-align: center;\"><a href=\"https:\/\/alltagsbegleiter-vertellekes.de\/startseite\/impressum\/\">Impressum<\/a><\/h3><h3 style=\"text-align: center;\"><a href=\"https:\/\/alltagsbegleiter-vertellekes.de\/startseite\/privacy-policy\/\">Datenschutz<\/a><\/h3>\t\t\t\t\t\t\t\t<\/div>\n\t\t\t\t<\/div>\n\t\t\t\t<div class=\"elementor-element elementor-element-9426dae elementor-widget__width-initial animated-slow elementor-invisible elementor-widget elementor-widget-text-editor\" data-id=\"9426dae\" data-element_type=\"widget\" data-e-type=\"widget\" data-settings=\"{&quot;_animation&quot;:&quot;fadeInRight&quot;}\" data-widget_type=\"text-editor.default\">\n\t\t\t\t<div class=\"elementor-widget-container\">\n\t\t\t\t\t\t\t\t\t<p style=\"text-align: center;\">With help from\u00a0<a href=\"https:\/\/www.freepik.com\"> FreePic<\/a><\/p>\t\t\t\t\t\t\t\t<\/div>\n\t\t\t\t<\/div>\n\t\t\t\t\t<\/div>\n\t\t\t\t<\/div>\n\t\t\t\t<\/div>\n\t\t","protected":false},"excerpt":{"rendered":"<p>Herzlich Willkommen! Wir freuen uns Sie auf unserer Seite begr\u00fc\u00dfen zu d\u00fcrfen. Hier bekommen Sie einen ersten Eindruck von unserer Arbeit. Rufen Sie mich gerne an, damit ich Ihnen schon erste Fragen beantworten und Ihnen schon etwas weiterhelfen kann: Heike KirschGehart-Hauptmann-Strasse 1058256 Ennepetal Telefon 0 23 33 &#8211; 79 73 748 0 157 &#8211; 36 [&hellip;]<\/p>\n","protected":false},"author":1,"featured_media":0,"parent":0,"menu_order":0,"comment_status":"closed","ping_status":"closed","template":"","meta":{"footnotes":""},"class_list":["post-2","page","type-page","status-publish","hentry"],"_links":{"self":[{"href":"https:\/\/alltagsbegleiter-vertellekes.de\/startseite\/wp-json\/wp\/v2\/pages\/2","targetHints":{"allow":["GET"]}}],"collection":[{"href":"https:\/\/alltagsbegleiter-vertellekes.de\/startseite\/wp-json\/wp\/v2\/pages"}],"about":[{"href":"https:\/\/alltagsbegleiter-vertellekes.de\/startseite\/wp-json\/wp\/v2\/types\/page"}],"author":[{"embeddable":true,"href":"https:\/\/alltagsbegleiter-vertellekes.de\/startseite\/wp-json\/wp\/v2\/users\/1"}],"replies":[{"embeddable":true,"href":"https:\/\/alltagsbegleiter-vertellekes.de\/startseite\/wp-json\/wp\/v2\/comments?post=2"}],"version-history":[{"count":95,"href":"https:\/\/alltagsbegleiter-vertellekes.de\/startseite\/wp-json\/wp\/v2\/pages\/2\/revisions"}],"predecessor-version":[{"id":181,"href":"https:\/\/alltagsbegleiter-vertellekes.de\/startseite\/wp-json\/wp\/v2\/pages\/2\/revisions\/181"}],"wp:attachment":[{"href":"https:\/\/alltagsbegleiter-vertellekes.de\/startseite\/wp-json\/wp\/v2\/media?parent=2"}],"curies":[{"name":"wp","href":"https:\/\/api.w.org\/{rel}","templated":true}]}}