{"id":26,"date":"2024-09-06T10:24:14","date_gmt":"2024-09-06T10:24:14","guid":{"rendered":"https:\/\/alltagsbegleiter-vertellekes.de\/?page_id=26"},"modified":"2024-09-06T10:24:14","modified_gmt":"2024-09-06T10:24:14","slug":"impressum","status":"publish","type":"page","link":"https:\/\/alltagsbegleiter-vertellekes.de\/startseite\/impressum\/","title":{"rendered":"Impressum"},"content":{"rendered":"\n<h3 class=\"wp-block-heading\">Angaben gem\u00e4\u00df&nbsp;\u00a7 5 TMG<\/h3>\n\n\n\n<h5 class=\"wp-block-heading\">Alltagsbegleiter Vertellekes<br>Heike Kirsch<br>Gerhart-Hauptmannstr. 10<br>58256\u00a0Ennepetal<\/h5>\n\n\n\n<h5 class=\"wp-block-heading\"><strong>Kontakt<\/strong>:<\/h5>\n\n\n\n<h5 class=\"wp-block-heading\">Telefon: 0 23 33 79 73 748<\/h5>\n\n\n\n<h5 class=\"wp-block-heading\">E-Mail:\u00a0info@alltasbgleiter-vertellekes.de<\/h5>\n\n\n\n<h3 class=\"wp-block-heading\"><strong><br>Haftungsausschluss<\/strong><\/h3>\n\n\n\n<ol class=\"wp-block-list\">\n<li>Inhalt des Internetangebotes<\/li>\n<\/ol>\n\n\n\n<h5 class=\"wp-block-heading\">Der Betreiber beh\u00e4lt es sich hiermit ausdr\u00fccklich vor, Inhalte ohne gesonderte Ank\u00fcndigung zu ver\u00e4ndern, zu erg\u00e4nzen, zu l\u00f6schen oder die Ver\u00f6ffentlichung des Internetangebotes zeitweise oder endg\u00fcltig einzustellen.<\/h5>\n\n\n\n<h5 class=\"wp-block-heading\">Die Inhalte des Internetangebotes werden mit gr\u00f6\u00dfter Sorgfalt erstellt. F\u00fcr die Richtigkeit, Vollst\u00e4ndigkeit und Aktualit\u00e4t der Inhalte kann der Betreiber jedoch keine Gew\u00e4hr \u00fcbernehmen. Gesetzeswidrige Informationen werden unverz\u00fcglich entfernt, sobald der Betreiber Kenntnis davon erlangt hat.<\/h5>\n\n\n\n<h5 class=\"wp-block-heading\">Soweit lediglich der Zugang zu Informationen vermittelt wird, die von Dritten bereitgestellt werden, \u00fcbernimmt der Betreiber diesbez\u00fcglich keine Haftung.<\/h5>\n\n\n\n<h5 class=\"wp-block-heading\">Der Betreiber erkl\u00e4rt hiermit ausdr\u00fccklich, dass zum Zeitpunkt der Linksetzung keine illegalen Inhalte auf den zu verlinkenden Seiten erkennbar waren. Auf die aktuelle und zuk\u00fcnftige Gestaltung der verlinkten Seiten hat der Betreiber keinerlei Einfluss. Deshalb distanziert sich der Betreiber hiermit ausdr\u00fccklich von allen Inhalten aller verlinkten Seiten, die nach der Linksetzung ver\u00e4ndert wurden.<\/h5>\n\n\n\n<h5 class=\"wp-block-heading\">Urheberrecht<\/h5>\n\n\n\n<ol start=\"2\" class=\"wp-block-list\"><\/ol>\n\n\n\n<h5 class=\"wp-block-heading\">Bildnachweis:<\/h5>\n\n\n\n<h5 class=\"wp-block-heading\">Die f\u00fcr die Internetseite verwendeten Bilder stammen von\u00a0Bernd Schroeder oder aus dem Archiv von der\u00a0<a href=\"https:\/\/bildagentur.panthermedia.net\/\" target=\"_blank\" rel=\"noreferrer noopener\">bildagentur.panthermedia.net<\/a>\u00a0Die Bildrechte liegen bei den Fotografen. Jegliches Kopieren des Bildmaterials zum privaten wie auch zum kommerziellen Gebrauch, bedarf des Einverst\u00e4ndnisses der Urheber der Bilder. Die unter\u00a0www.alltagswohl.de\u00a0verwendeten Bilder, stammen durch Erwerb von Nutzungsrechten aus dem Bildarchiv der\u00a0<a href=\"https:\/\/bildagentur.panthermedia.net\/\" target=\"_blank\" rel=\"noreferrer noopener\">bildagentur.panthermedia.net<\/a>.\u00a0<\/h5>\n\n\n\n<h5 class=\"wp-block-heading\">Die Inhalte der Website sind urheberrechtlich gesch\u00fctzt. Nur die zur Weiterverwendung ausdr\u00fccklich freigegebenen Inhalte d\u00fcrfen von der Website durch die Nutzer, soweit die Freigabe auch ihnen gegen\u00fcber erfolgt ist, heruntergeladen und vervielf\u00e4ltigt werden. Hierbei d\u00fcrfen die Inhalte nicht ver\u00e4ndert oder verf\u00e4lscht werden. Die Erstellung einer angemessenen Anzahl von Kopien auf elektronischen Datentr\u00e4gern oder im Printverfahren ist zul\u00e4ssig, soweit diese Kopien ausschlie\u00dflich zum pers\u00f6nlichen Gebrauch erstellt und genutzt werden. Alltagswohl.de\u00a0ist als Quelle ausdr\u00fccklich zu nennen. Jede weitergehende Nutzung der Inhalte der Website ist urheberrechtswidrig.<\/h5>\n\n\n\n<h5 class=\"wp-block-heading\">Datenschutz<\/h5>\n\n\n\n<ol start=\"3\" class=\"wp-block-list\"><\/ol>\n\n\n\n<h5 class=\"wp-block-heading\">Bei jedem Seitenzugriff werden Zugriffsdaten* \u00fcber diesen Vorgang in einer Log-Datei gespeichert. Diese Daten sind nicht personenbezogen. Lediglich anhand der IP-Adresse ist evtl. eine Identifizierung des Nutzers m\u00f6glich.<\/h5>\n\n\n\n<h5 class=\"wp-block-heading\">* Wann, welche Besucher auf welche Seiten zugreifen, woher und wie wurden Besucher auf diese Pr\u00e4senz verwiesen, Details \u00fcber die Besucher dieser Pr\u00e4senz: Provider, Domain und Postleitregion, Informationen zu Browser und Betriebssystem, Details zu H\u00e4ufigkeit, Besucherverhalten und Fehlern bei Seitenaufrufen, IP-Adresse des Nutzers.<\/h5>\n\n\n\n<h5 class=\"wp-block-heading\">Rechtswirksamkeit dieses Haftungsausschlusses<\/h5>\n\n\n\n<ol start=\"4\" class=\"wp-block-list\"><\/ol>\n\n\n\n<h5 class=\"wp-block-heading\">Dieser Haftungsausschluss ist als Teil des Internetangebotes zu betrachten, von dem aus auf diese Seite verwiesen wurde. Sofern Teile oder einzelne Formulierungen dieses Textes der geltenden Rechtslage nicht, nicht mehr oder nicht vollst\u00e4ndig entsprechen sollten, bleiben die \u00fcbrigen Teile des Dokumentes in ihrem Inhalt und ihrer G\u00fcltigkeit davon unber\u00fchrt.<\/h5>\n","protected":false},"excerpt":{"rendered":"<p>Angaben gem\u00e4\u00df&nbsp;\u00a7 5 TMG Alltagsbegleiter VertellekesHeike KirschGerhart-Hauptmannstr. 1058256\u00a0Ennepetal Kontakt: Telefon: 0 23 33 79 73 748 E-Mail:\u00a0info@alltasbgleiter-vertellekes.de Haftungsausschluss Der Betreiber beh\u00e4lt es sich hiermit ausdr\u00fccklich vor, Inhalte ohne gesonderte Ank\u00fcndigung zu ver\u00e4ndern, zu erg\u00e4nzen, zu l\u00f6schen oder die Ver\u00f6ffentlichung des Internetangebotes zeitweise oder endg\u00fcltig einzustellen. Die Inhalte des Internetangebotes werden mit gr\u00f6\u00dfter Sorgfalt erstellt. F\u00fcr [&hellip;]<\/p>\n","protected":false},"author":1,"featured_media":0,"parent":0,"menu_order":0,"comment_status":"closed","ping_status":"closed","template":"","meta":{"footnotes":""},"class_list":["post-26","page","type-page","status-publish","hentry"],"_links":{"self":[{"href":"https:\/\/alltagsbegleiter-vertellekes.de\/startseite\/wp-json\/wp\/v2\/pages\/26","targetHints":{"allow":["GET"]}}],"collection":[{"href":"https:\/\/alltagsbegleiter-vertellekes.de\/startseite\/wp-json\/wp\/v2\/pages"}],"about":[{"href":"https:\/\/alltagsbegleiter-vertellekes.de\/startseite\/wp-json\/wp\/v2\/types\/page"}],"author":[{"embeddable":true,"href":"https:\/\/alltagsbegleiter-vertellekes.de\/startseite\/wp-json\/wp\/v2\/users\/1"}],"replies":[{"embeddable":true,"href":"https:\/\/alltagsbegleiter-vertellekes.de\/startseite\/wp-json\/wp\/v2\/comments?post=26"}],"version-history":[{"count":1,"href":"https:\/\/alltagsbegleiter-vertellekes.de\/startseite\/wp-json\/wp\/v2\/pages\/26\/revisions"}],"predecessor-version":[{"id":27,"href":"https:\/\/alltagsbegleiter-vertellekes.de\/startseite\/wp-json\/wp\/v2\/pages\/26\/revisions\/27"}],"wp:attachment":[{"href":"https:\/\/alltagsbegleiter-vertellekes.de\/startseite\/wp-json\/wp\/v2\/media?parent=26"}],"curies":[{"name":"wp","href":"https:\/\/api.w.org\/{rel}","templated":true}]}}